w + 336 = -w. What is the tens digit of w?
5
Suppose -5*z + 2*o - 22 = -143, -2*z = 4*o - 58. What is the units digit of z?
5
Let k(h) be the third derivative of h**7/1680 - h**6/360 + h**5/60 + h**2. Let c(i) be the third derivative of k(i). What is the units digit of c(2)?
4
Let w be (-4 - -1) + 0 + 3. Suppose 5*n - 5*g - 170 = w, -g = n + g - 46. What is the units digit of n?
8
Let k(l) = -l**2 - 15. Let d be k(0). Let w be 50/((4 - 0) + -2). Let r = w + d. What is the tens digit of r?
1
Suppose -n + 3*t - 1 = 15, 3*n = 3*t - 30. Let m = n - -8. What is the units digit of m?
1
What is the tens digit of -1*(-3)/9*171?
5
Let b(i) = -i**2 - 4*i**2 + 3*i**2 + i**2 - 7*i + 2. Let h be b(-7). Suppose 5*c - 18 = h*c. What is the units digit of c?
6
Let x(a) = -2*a + 9. Let u be x(8). Let p(g) = -3*g - 9. What is the units digit of p(u)?
2
Let h(d) = 0 - 2*d - 1 - 5 + d. Let y be h(-8). Suppose 5*k = y*k + 30. What is the tens digit of k?
1
Suppose 5*q + 15 = 2*m - 91, -2*m + 90 = 3*q. What is the units digit of m?
8
Let j = 189 + -133. Let o = j + -39. What is the tens digit of o?
1
Suppose -5*y - 35 = -3*h, 4*h + 3*y - 81 = -h. What is the units digit of h?
5
Let d(w) = w + 11. Let k(z) = z + 12. Let s(x) = -7*d(x) + 6*k(x). Let j be s(-4). Let r = j - -8. What is the units digit of r?
7
Suppose 0 = -4*s + g - 6, 3*s = g - 2 - 2. Let l = s - -4. Suppose -l*n = -2 - 6. What is the units digit of n?
4
Let t(p) = -17*p - 17*p + 8 + 33*p. Let h = -5 - -10. What is the units digit of t(h)?
3
Let s(u) = -u. Suppose 3*h + 2*h = -4*f - 50, 0 = 3*h - 3*f + 30. What is the tens digit of s(h)?
1
Let c = 528 - 310. What is the hundreds digit of c?
2
Let n(x) = 2*x - 7. Let i be n(5). Suppose -2*c + 23 = l - i, c + l - 11 = 0. What is the tens digit of c?
1
Let p = 12 - 6. What is the units digit of p?
6
Let u(z) be the third derivative of z**5/60 - z**4/6 - z**3/6 + 5*z**2. What is the units digit of u(5)?
4
Let j be -6*(2 - 21/9). Let k be (3/3 - j)*0. Suppose 4*f - 6 = -2*q, k = -8*q + 3*q - f + 51. What is the units digit of q?
1
Suppose 13 = -l + 3*r - 6*r, -25 = 5*r. Suppose 2 = l*d - 10. What is the units digit of d?
6
Let c = -44 - -67. What is the tens digit of c?
2
Let o(v) = v**2 + v + 34. Let z be o(0). Let m = -24 + z. What is the tens digit of m?
1
Let z(x) = -x**2 - 13*x + 26. Let j be z(-14). Let h be 4/10 - 234/(-15). What is the units digit of 52/h + (-3)/j?
3
Let n(c) = -c + 1. Let k(y) = -19. Let j(l) = k(l) + 4*n(l). What is the units digit of j(-6)?
9
Let h(z) = 3*z**2 - 5*z - 1. Let c be h(4). Let i = c + -13. What is the tens digit of i?
1
Let v = 76 - 54. What is the units digit of v?
2
Let m(q) = -q**3 + 4*q**2 + 6*q - 3. Let a(v) = -v**2 + v + 5. Let z be a(0). Let t be m(z). What is the units digit of (-1 - -2)/(t/14)?
7
Let r = 22 - 17. What is the units digit of r?
5
Let f = 20 + -19. Let m = -5 + 8. What is the units digit of (f + -2)*(-6 + m)?
3
Let v(c) = -c**3 + 10*c**2 - 8*c + 2. Let d = 7 - -2. What is the units digit of v(d)?
1
Suppose 337 + 91 = 4*b. Suppose -4*x + 139 = -5*h, 2*x = -x + h + b. What is the tens digit of x?
3
Let o be (-3 - 0)/3*5. What is the units digit of o/((-25)/(-3))*-35?
1
Let a be (-19)/(-3) + (-4)/12. Let o be (-4)/a + (-32)/6. Let k = -2 - o. What is the units digit of k?
4
Suppose -232 + 46 = -6*t. What is the tens digit of t?
3
Suppose 5*h - p - 162 = 0, 4*p = -h + p + 42. Suppose 4*u + h + 39 = -2*g, 5*g - u = -136. Let y = -17 - g. What is the units digit of y?
1
What is the tens digit of 18/27*36/2?
1
Let u(m) = -m + 8. Let k be u(6). Let y(f) = -f**3 + f**2 + f. Let b be y(k). Let i = 6 + b. What is the units digit of i?
4
Suppose 0 = -3*s - 0 + 9. Suppose i = 3*v - 4*v + 9, -4*i = -s*v - 22. What is the units digit of i?
7
Let t(h) = -h - 17. Let f be t(-13). Let r = 9 + f. What is the units digit of r?
5
Suppose 2*c + 2*c - 24 = 0. Let g = 18 - c. What is the units digit of g?
2
Let o(x) = -2*x**2 - 4*x - 1. Let n(z) = 3*z**2 + 4*z. Let f(u) = -3*n(u) - 4*o(u). Let h be f(4). Suppose 5*j - 49 = -h. What is the units digit of j?
9
Suppose 0 = 4*p - 4*k - 20, 6*k + 24 = 4*p + k. Suppose 2*a - j = 2*j + 57, -j + p = 0. What is the units digit of a?
0
Suppose -9*k + 401 = -553. What is the tens digit of k?
0
Suppose -700 = -6*g - 34. What is the units digit of g?
1
Let h = 7 + -7. Suppose s - 4*y = 2*s - 50, 3*s + y - 106 = h. What is the tens digit of s?
3
Suppose 8*r = 5*r + 102. What is the tens digit of r?
3
Suppose -3*l - x + 29 = 7, -2*x = 5*l - 37. Let y be (l - -2)*2/6. Suppose -3*s + 102 = 5*p, 4*s = -y*p - 2*p + 106. What is the units digit of p?
8
Let o be (7/(-2))/((-3)/6). Let a = o - 6. Suppose 4*s + 3*h + a = 14, 2 = 5*s - h. What is the units digit of s?
1
Suppose -2*x = x - 9. Suppose 4*o = i - 22, -2*o - 14 = -x*i - 3*o. Suppose -a = 3 - i. What is the units digit of a?
3
Let p(d) = 3 - d - 3 - 4 + 0. What is the units digit of p(-5)?
1
Suppose t - 2*d + 5 = 0, d - 5*d = t - 25. Let g be 16/1*(t - 3). Suppose 9 = -3*w, x + 3*x + 4*w - g = 0. What is the tens digit of x?
1
Suppose 4*m - o - 154 = 0, m - 38 - 3 = -o. What is the units digit of m?
9
Let w = 140 - 79. What is the units digit of w?
1
Suppose 5*x + 0*x = 0. Suppose x = -5*p - 0*p + 15. What is the units digit of p?
3
What is the units digit of 894/12 + (-2)/(-4)?
5
Let g(z) = 3*z**2 - z - 3. Let l(s) = -s**2 + 9*s - 5. Let j be l(8). What is the units digit of g(j)?
1
Let f(t) = -2*t**3 + 3*t**3 - t - 5*t**2 - 6*t**2 + 11 + t**2. What is the units digit of f(10)?
1
Let u(n) = -n. Let v be u(-3). Suppose -v*p + p + 5*s = -120, -5*p - 3*s + 362 = 0. Suppose 5*g - 5*m = p, -4*g - 3*m = -25 - 52. What is the tens digit of g?
1
Let d = -6 - 1. What is the units digit of (12/3)/((-2)/d)?
4
Let f(y) = 2*y**3 + 2*y**2 + 3*y + 3. Let x be f(-2). Let z(u) = u**3 + 7*u**2 - 5*u - 3. Let o be z(-7). Let h = o + x. What is the units digit of h?
1
Suppose -19 = 3*c - 4, 7 = 4*g + c. Suppose 3*p = -4*k, -k - p = -g*k. Suppose 3*q - 3*s - 45 = k, -2*q + 0*q + s = -26. What is the units digit of q?
1
Let o = -8 + 9. Let v be (-8)/16*(o - 1). Suppose 21 = 3*f - v*f. What is the units digit of f?
7
Suppose -5*k = 3*h + 5, 21 = -3*k + k - 5*h. Suppose 3*j - 5*j - 10 = 0, r = k*j + 14. Suppose -4*s + 52 = r*x, 2*x = -3*x + 25. What is the units digit of s?
8
Suppose 0 = d + 31 - 6. What is the units digit of (d - (-9)/(-3))*-1?
8
Let v(r) be the first derivative of r**3/3 + 3*r**2 + 6*r - 2. What is the units digit of v(-6)?
6
Let a(z) = -z**2 + 8*z - 1. What is the units digit of a(7)?
6
Suppose 6*u = u + 25. Suppose 5*k - 285 = -4*r, r + 280 = 5*k + 4*r. Suppose -u*w = -k + 3. What is the tens digit of w?
1
Let j(r) = 24*r - 1. Let h be j(-1). Let t = 35 + h. What is the units digit of t?
0
Suppose k = 2 + 6. What is the units digit of (1/3)/(k/96)?
4
Let v(m) = m**2 - 4*m + 8. Let k be v(6). Suppose 4*r - 2*r + k = 0. Let n = r + 14. What is the units digit of n?
4
Let v be -7 - (-1 - (0 + -1)). Suppose 0 = k - 4*s - 11, k + 4*s - 14 - 21 = 0. Let p = v + k. What is the tens digit of p?
1
Let w = 3 + -6. Let o = 5 - w. What is the units digit of o?
8
Let u be 15/25 + (-4)/(-10). Suppose 3 = -d - u. What is the units digit of d/16 - 21/(-4)?
5
Let t(d) = -26*d - 1. Let n be t(-1). Suppose -2 = -3*h + n. What is the units digit of h?
9
What is the tens digit of (53 - 3) + (-2 - 2 - -2)?
4
Let s be 6 + (-8)/((-40)/(-15)). Let q = 7 + 4. Let k = q + s. What is the units digit of k?
4
What is the units digit of -6 - -1 - (-204 + -7)?
6
Let s(d) be the third derivative of -d**6/120 + 11*d**5/60 - 5*d**4/12 + 5*d**3/3 - d**2. What is the units digit of s(10)?
0
What is the units digit of (-1)/2 + 57/6?
9
Let i(p) be the second derivative of p**3/6 + p. What is the units digit of i(8)?
8
Let k be 0/(-2)*-1 + 3. Let f be -1 - (-8 - (5 - k)). Suppose z - w = f, z + 2*w - 12 = 3. What is the tens digit of z?
1
Let d = -5 + 7. Let b(q) = -q + 0*q + d*q + 8. What is the units digit of b(-7)?
1
Let t(o) = 5*o**3 - 2*o**2. What is the units digit of t(3)?
7
Let u be (1 + -1)/(-1 + -1). Let d(g) = g**3 + g**2 + 1. Let t be d(u). Let h = 3 - t. What is the units digit of h?
2
What is the units digit of 10/(-4)*102/(-15)?
7
Let o(u) = 2*u**2 + 